pose -2*c + 12 = 4*x, -c + 13 = c + 5*x. Suppose -22 = c*l - 6*l. Calculate the remainder when l is divided by t.
3
What is the remainder when 93/2*8/3 is divided by 14?
12
Suppose -22 = -4*l + 14. Calculate the remainder when 17 is divided by l.
8
Suppose 0 = f - 5*t - 17, -3*f = t + 2*t - 87. Let z = -21 - -35. What is the remainder when f is divided by z?
13
Suppose 3 = -s + 3*s - 3*p, 2*p - 11 = -3*s. Calculate the remainder when ((-1)/3)/((-30)/360) is divided by s.
1
Suppose -4 = -4*r + 4*x - 2*x, 2*r = -3*x + 10. Suppose -2*o = -o - 1. Calculate the remainder when o*11/r*2 is divided by 6.
5
Suppose 5*s + 5*w - 130 = 0, -2*w = -6*w. Suppose -6*b = -61 - 89. Calculate the remainder when b is divided by s/(-2)*1*-1.
12
Suppose -96 - 84 = -4*r. Suppose 0 = 4*i - g - 27 - 43, 9 = i + 4*g. Let u = r - i. What is the remainder when u is divided by 10?
8
Let a = 35 - 8. Let o = a - 3. Suppose 2*g = -4*c + 4 + 30, -6 = -3*c. Calculate the remainder when o is divided by g.
11
Calculate the remainder when 27 is divided by (5*8)/4 - 3.
6
Let f(o) = -o - 6. Let t be f(10). Let d = 31 + t. Calculate the remainder when d is divided by 8.
7
Suppose 106 = m + 2*j + 21, -2*j + 393 = 5*m. What is the remainder when m is divided by 5?
2
Suppose -27 = q - 9. Let r = 28 + q. Let b = -21 + 50. Calculate the remainder when b is divided by r.
9
Suppose 0*r + 5*r + 10 = 0. Let x = 0 - r. Suppose -3*l + x*c = -58, 97 = 4*l + l - 3*c. Calculate the remainder when 58 is divided by l.
18
Suppose 0*c - 4*c + 40 = 0. Let b(x) = x**3 + 6*x**2 + x - 1. What is the remainder when b(-5) is divided by c?
9
Suppose -20 = -4*m, -5*b + b + 5*m + 59 = 0. What is the remainder when 80 is divided by b?
17
Let c(a) = 4*a - 6. Suppose -2*n + 27 = -29. Suppose 147 = 5*t - n. What is the remainder when t is divided by c(6)?
17
Let j = 6 - 3. Calculate the remainder when 24 is divided by j.
0
Let a = -10 + 14. Suppose -t = a*t - 15. Calculate the remainder when 5 is divided by t.
2
Suppose 0 = -4*y - 4*v + 52, 4*v - 8*v - 101 = -5*y. What is the remainder when 46 is divided by y?
12
Let k = 13 + -9. What is the remainder when (-12)/(-8)*(-64)/(-6) is divided by k/3*9/2?
4
Let c(o) = o**3 + 7*o**2 - 2*o + 4. Suppose -3*p + 2 = 4*q, -11 + 3 = -2*p - q. Suppose -2*l + 28 = -p*l. What is the remainder when 52 is divided by c(l)?
16
Suppose 0 = 4*s + 2*s - 6. Calculate the remainder when 13 is divided by (8 + 2)*s - 3.
6
Let a = 30 + -21. Suppose 0 = -k + 8 + a. What is the remainder when 48 is divided by k?
14
Suppose -3*o + 0*o = 0. Suppose 0 = l + l, 0 = -4*j - 5*l + 52. Suppose o*w = -w + j. What is the remainder when 25 is divided by w?
12
Let a = 41 + -14. What is the remainder when 107 is divided by a?
26
Let a be (-2)/10 - 57/15. Let f be (16/(-4))/(2/a). Suppose -l + 8 = -f. What is the remainder when l is divided by 9?
7
Suppose 12 = 3*s - 33. Let l = 8 + s. Calculate the remainder when l is divided by 3/2*16/3.
7
Suppose -4*s = -0*l + 3*l - 1276, 0 = s + 5. Calculate the remainder when (-1)/(-7) - l/(-14) is divided by 11.
9
Let j be 1/(((-15)/18)/(-5)). Let b = 29 - j. What is the remainder when b is divided by 12?
11
Suppose -v + k + 8 + 10 = 0, 4*v = 2*k + 78. What is the remainder when 82 is divided by v?
19
Let y(q) = -2*q - 11. Let a be y(-8). Suppose a*w - w = 128. What is the remainder when 127 is divided by w?
31
Calculate the remainder when (-4)/14 + (-2905)/(-49) is divided by 30.
29
Suppose -4*f + 224 + 124 = 0. What is the remainder when f is divided by 22?
21
Let g be 2 - 3*2/3. Suppose g = h - a - 60, 2*a = -a + 12. What is the remainder when h is divided by 33?
31
Suppose -k - 4*k = -2*w + 42, -4*k - 27 = -w. Suppose -2*q - 165 = -5*p, 0*p - p + 56 = -5*q. Calculate the remainder when p is divided by w.
9
Let a = -2 + 7. Suppose -3*q - 47 = a*s, -2*s + 28 = 4*q + 100. Let b = -7 - q. What is the remainder when 34 is divided by b?
10
Let r(o) = 8*o + 3. Let z = 27 + -19. What is the remainder when r(z) is divided by 17?
16
Let k(j) = -8*j. Suppose -p - 84 = -3*v + 3, 3*p - 159 = -5*v. What is the remainder when v is divided by k(-1)?
6
Let n be 6 - (0 - -3 - 0). Suppose 5*p - 2*f = -n*f + 187, p = 2*f + 44. Let j(d) = -d**2 + 8*d - 2. Calculate the remainder when p is divided by j(5).
12
Let h = -34 - -49. Calculate the remainder when 28 is divided by h.
13
Suppose 0*h + 12 = 4*h. Suppose -h*b + 5*b = 110. Calculate the remainder when b is divided by 14.
13
Let c(f) = 4*f**2 - 7*f + 5. Let m be c(4). Let x = m + -8. Calculate the remainder when x is divided by 9.
6
Suppose 5*t - 75 - 110 = 0. What is the remainder when t is divided by 21?
16
Let t(d) = -d**3 + 7*d**2 - 5*d + 8. Calculate the remainder when 41 is divided by t(6).
13
Suppose 4*r = -2*r + 30. What is the remainder when 17 is divided by r?
2
Let o(u) = -u**2 - 7*u - 6. Let i be o(-6). Let x(j) = j**2 + 16. Calculate the remainder when 46 is divided by x(i).
14
Suppose -6*n + 5*n - 9 = 0. Let z = 20 + n. What is the remainder when z is divided by 4?
3
Let f(g) = -g**2 - 10*g - 4. Let q be f(-9). Suppose -10*v + 80 = -q*v. What is the remainder when 62 is divided by v?
14
Let p = 4 + -2. Let b(o) = p + o**2 - 2 + 11 + o**3. Calculate the remainder when 41 is divided by b(0).
8
Let y = -62 + 208. Let a = y - 270. Let i = a - -180. What is the remainder when i is divided by 19?
18
Let b be (-23)/(-1) + (0 - -2). Let i = 13 - b. Let h(g) = g**2 + 11*g - 3. Calculate the remainder when h(i) is divided by 5.
4
Suppose -3*f + 3 = -6*f - 3*l, 5*l = 3*f - 21. Suppose 0 = 2*a - n - 17 - 7, -2*n + 30 = f*a. Calculate the remainder when 24 is divided by a.
11
Let l(a) = 2*a + 2. Suppose 5*z = -114 + 9. Let n = 62 + z. What is the remainder when n is divided by l(6)?
13
Let v be -19*((-7)/1 - -1). What is the remainder when (5/(-15))/((-2)/v) is divided by 10?
9
Suppose 5*f + 20 = 7*f. What is the remainder when 28 is divided by f?
8
Let j = 17 - 3. Suppose 0*l = -l + j. Calculate the remainder when 26 is divided by l.
12
Suppose 0*p - 8 = -2*p. Let c(h) = -p*h - 3 + 3 - 2 + 2*h. Calculate the remainder when 9 is divided by c(-4).
3
Let m(b) = -b**3 + 11*b**2 - 13*b - 1. What is the remainder when m(9) is divided by 15?
14
Suppose -4*r = -3*r - 4*g - 32, 0 = -r - 4*g. Calculate the remainder when 92 is divided by r.
12
Let c = -121 - -202. Calculate the remainder when c is divided by 21.
18
Let g(w) = 4*w + 1. Let j be g(1). Let t(k) = -k**3 - 12*k**2 - 11*k + 1. Let n be t(-11). Let s = j + n. Calculate the remainder when 16 is divided by s.
4
Suppose 3*v - 22 = -10. Suppose -4*r + 4 = 2*k - 20, -v*k = -2*r - 18. What is the remainder when 8 is divided by k?
2
Calculate the remainder when 42 is divided by -33*-1*3/9.
9
Let b(d) = -d**2 + 7*d - 7. Let q be b(5). Suppose 5*p + 20 = q*c, 3*c - 4*p = -2*c + 29. What is the remainder when c is divided by 3?
2
Suppose -3*v + 2*v - 48 = 5*m, 5*v = -4*m - 303. Let w = 90 + v. Calculate the remainder when w is divided by 14.
13
Let x(m) be the first derivative of 2*m**3/3 + 3*m + 3. Calculate the remainder when x(4) is divided by 12.
11
Let j(q) = -q + 2. What is the remainder when 21 is divided by j(-6)?
5
Suppose -p = 0, 5*g + 0*p - 100 = 3*p. Suppose -j - 2*j = 4*s - g, -s = j - 7. Calculate the remainder when j is divided by 5.
3
Suppose -4*r - 2*p + 127 = -p, 5*r + 4*p = 156. What is the remainder when r is divided by 11?
10
Let u(r) = -1. Let i(h) = -10*h - 10. Let l(c) = i(c) - 10*u(c). What is the remainder when l(-2) is divided by 1*(26/2 + -2)?
9
Let n(v) = 20*v - 5. Let h(b) = -b + 1. Let p(x) = -6*h(x) - n(x). Calculate the remainder when p(-3) is divided by 11.
8
Let d(w) = -15*w - 2. What is the remainder when d(-4) is divided by 30?
28
Let f = 134 + -91. Let i(q) = 3*q**2 - q + 7. Let y(o) = o + 1. Let h(v) = i(v) - 4*y(v). What is the remainder when f is divided by h(3)?
13
Suppose -5*l = -26 - 9. What is the remainder when -27*((1 - -2) + -4) is divided by l?
6
Suppose q + 57 = 2*t, 0 = -5*q - 5 - 20. What is the remainder when 75 is divided by t?
23
Suppose -5 = -3*n + 1. What is the remainder when 4 is divided by n?
0
Let d = -9 + 8. Let c = 23 + d. What is the remainder when c is divided by 6?
4
Let i(k) be the third derivative of -k**6/120 + k**